 List the prime factors of u(-9).
3, 19, 499
Suppose 0 = 4*y - 819 + 251. Let d = 510 - y. List the prime factors of d.
2, 23
Suppose -h = 3*w - 370 - 116, 9*h + 486 = 3*w. Suppose 8*o = 3*o - 580. Let q = w + o. List the prime factors of q.
2, 23
Let g(w) = 7*w**2 + 24*w + 619. List the prime factors of g(41).
2, 5, 7, 191
Let r be -3 + ((-9)/12)/(3/(-24)). Suppose -3*m = 4*g + g + 461, r*g = -5*m - 267. Let s = 194 + g. What are the prime factors of s?
2, 5
Suppose f - 263 = 5*r - f, -260 = 5*r - 5*f. Let k = 70 + r. Suppose 0 = -k*b + 21*b - 52. What are the prime factors of b?
13
Let u = -24421 + 93068. What are the prime factors of u?
19, 3613
Let t = -355 - -351. What are the prime factors of (4 - 1968)/t - 1?
2, 5, 7
Let f(s) = 3*s + 5 + 9*s + 5*s**2 - 17*s. Let x be f(2). Suppose -3*o = -2*u + x, 3*o - 39 = -4*u - 0*o. What are the prime factors of u?
3
What are the prime factors of 4 - (11 - (96/12 - -26911))?
2, 29
Let w(y) = y**3 - 2*y + 3. Let g be w(2). Suppose -5*i + g = -2*c - 5, -5*i = -4*c - 4. Suppose 7*f - 177 = i*f. What are the prime factors of f?
59
Suppose i + x = 15904, -5*x - 5679 = i - 21583. What are the prime factors of i?
2, 7, 71
Suppose 2*r + m - 22048 = 0, -5*m - 58252 = -4*r - 14114. What are the prime factors of r?
11027
Let c(f) = -84*f + 43*f + 46*f - 19. Let u(i) = -9*i + 38. Let r(h) = -5*c(h) - 2*u(h). List the prime factors of r(-13).
2, 5, 11
Suppose 0 = -n + 276 + 89. Suppose -4*w + 555 = -5*m, -n = 6*m - 3*m + 4*w. Let c = -4 - m. What are the prime factors of c?
3, 37
What are the prime factors of ((-177969)/(-2))/11*(-22)/(-33)?
5393
Let r = -27 + 49. Suppose -16*h + r*h = 1644. Suppose f + l - 140 = 0, 0*l - 4*l + h = 2*f. What are the prime factors of f?
11, 13
Suppose -25 = 4*z - 8*j + 3*j, 3*j = 4*z + 15. Suppose z = 47*m - 39*m - 6504. List the prime factors of m.
3, 271
Suppose 2*n + 3*y = 3, 1 = 78*y - 77*y. Suppose -3*f - f - 280 = -4*h, -4*f - 284 = -2*h. List the prime factors of 116 - n - f/24.
7, 17
Let c = 217 - 210. Suppose 0 = -28*i + c*i + 17367. List the prime factors of i.
827
Suppose 111*m - 125*m = -562492. List the prime factors of m.
2, 20089
Let j be (416/(-130))/((-4)/190). Let g = j - 112. What are the prime factors of g?
2, 5
Suppose 5*p = -4*o + 9, 3*p - 5*p = -4*o + 2. Let k be (p + 0)/(2/20*5). Suppose -2*x = i - 301, -k*i - 441 = -3*x + 14. What are the prime factors of x?
151
Let p(x) = 4*x - 17. Let o(a) = 4*a - 16. Let r(i) = -3*o(i) + 2*p(i). Let y be r(4). What are the prime factors of ((0 - -1)*y)/((-2)/129)?
3, 43
Suppose -935 = -5*p + 5*c, -23*p + 24*p - 196 = 4*c. List the prime factors of p.
2, 23
Suppose -2*i + m + m = -490, 3*m - 1201 = -5*i. Suppose 3*z - 1903 = -2*z - 4*w, -z + 386 = -w. Let t = z - i. What are the prime factors of t?
3, 47
Let h be 120/(-90) + -1 + (-1099)/(-3). Suppose -h = -2*i + 420. List the prime factors of i.
2, 7
Let a(p) = p + 32. Let n be a(-26). Let s(q) be the second derivative of -q**5/20 + 7*q**4/12 + q**3 + 11*q**2/2 - 3*q. What are the prime factors of s(n)?
83
Let q = 162 - 161. List the prime factors of 2 + (q - 5) - -337.
5, 67
Suppose 257*f - 253*f = 3202 + 4154. What are the prime factors of f?
3, 613
Let n = -2252 + 7045. What are the prime factors of n?
4793
Let x(t) = -t**3 + 21*t**2 - 21*t + 22. Let l be x(20). Suppose l*s + 0*q - 75 = -5*q, 0 = -s + 3*q + 32. What are the prime factors of 2/7 - ((-585)/s - 2)?
19
Let d(w) = 10*w**2 - 2*w + 63. Let f be ((-44)/(-16))/1*4. List the prime factors of d(f).
3, 139
Suppose 3*h = 2*b - 49542, 2*h - 33598 - 40754 = -3*b. List the prime factors of b.
2, 3, 5, 7, 59
Let z = -948 - -18. Let r = -159 - z. List the prime factors of r.
3, 257
Suppose m - 1854 = -401. Suppose 26*q - 21*q - 5 = 0, 0 = -5*o - 3*q + m. What are the prime factors of o?
2, 5, 29
Suppose -797757 = -52*p + 256335. List the prime factors of p.
3, 29, 233
Suppose -4*p + u + 373 + 1000 = 0, -2*p = -4*u - 704. What are the prime factors of p?
2, 3, 19
Let s be 2/(6/231*7). Suppose -8*k = -s*k + 585. List the prime factors of k.
3, 5, 13
Let t = -465 - -295. Let n = 80 - t. What are the prime factors of n?
2, 5
Suppose -j + 7 = 4*o, 5*o + 4*j = 4*o - 2. Let z(r) = -2*r - 15*r**2 - o*r + 14*r**2 + 29. List the prime factors of z(0).
29
Suppose 157064 = 38*l - 261639 - 22477. What are the prime factors of l?
2, 3, 5, 43
Let o(w) = -154*w + 2008. List the prime factors of o(-25).
2, 29, 101
Suppose 1121 + 109 = 6*a. Let g = a - 53. List the prime factors of g.
2, 19
Let v(d) = 3*d**2 - 10*d + 1. Let f be v(8). Let s = -54 - 5. Let x = f + s. What are the prime factors of x?
2, 3
Let h(m) be the second derivative of m**5/20 + m**4/3 + m**3/3 + 2*m**2 - 30*m. Let a be h(-3). Suppose -a*t + 3150 - 1141 = 0. What are the prime factors of t?
7, 41
What are the prime factors of (-36)/(-45) + (137823/14)/((-10)/(-36))?
7, 61, 83
Let j = 683 - 675. Suppose 0 = -10*v - j*v + 486. List the prime factors of v.
3
Let v(c) = -c**3 - 4*c**2 + 11*c + 15. Let r be v(-6). List the prime factors of (111/4)/(r/448).
2, 37
Suppose -123090 = 655*m - 685*m. List the prime factors of m.
11, 373
Let r(m) = -2*m**2 + 10*m - 9. Let p be r(4). Let k = 34 + p. Suppose -37*d + 864 = -k*d. What are the prime factors of d?
2, 3
What are the prime factors of (3 - 6/4)*847824/153?
2, 1039
Let u(a) = 11*a**2 - 27*a + 10. Let h(f) = 5*f**2 - 14*f + 5. Let n(b) = -9*h(b) + 4*u(b). What are the prime factors of n(10)?
3, 5
Suppose 5*o - 146 + 231 = 0. What are the prime factors of (-2)/o + (-6730)/(-17)?
2, 3, 11
Suppose 0 = 33*f + 18327 - 136665. What are the prime factors of f?
2, 11, 163
Suppose 30 = 5*n - 5*s, 0 = 2*n - 4*s - 9 - 1. Suppose 2*z + n*z = 28755. Suppose -z = t - 16*t. What are the prime factors of t?
3, 71
Suppose 73*d + 14 = 75*d. Suppose -23*b + d*b = -2576. List the prime factors of (-15*1 + 0)*b/(-21).
5, 23
Suppose 5*y + 4*r + 1945 = 0, -y - 389 = 5*r - 4*r. Let l = -184 - y. List the prime factors of l.
5, 41
Suppose 0 = 4*o + 4, z + o + 22 = 11. What are the prime factors of (-5 - -1001) + (-30)/z?
3, 37
Suppose 6*k + 29 = 53. Suppose 0 = -0*a + k*a - 1796. List the prime factors of a.
449
Suppose 16 = 261*i - 262*i. List the prime factors of (-18690)/i + (-5)/40.
2, 73
List the prime factors of (-1 + (-30)/(-40))/(1/(-21836)).
53, 103
Let c = -36165 + 76789. What are the prime factors of c?
2, 2539
Let l = -10056 + 61660. What are the prime factors of l?
2, 7, 19, 97
Let k = 5451 - 5448. Suppose d = 4*s - 13, -d + 0 = -s + 4. List the prime factors of 9 + s - (k - 5).
2, 7
Suppose 7*f - 9*f = -352. Let p be (f/6)/(16/24). Let h = p - -25. What are the prime factors of h?
3, 23
Suppose 35*q = 24*q + 44. Suppose -4*p = -q*y - y - 1452, -4*y = -p + 363. What are the prime factors of p?
3, 11
Let s be (-8)/6*6*(-3)/12. Suppose -s = -u - 3*g - 0*g, -4*g + 8 = 2*u. Suppose 5*o = u + 152. What are the prime factors of o?
2
Suppose -h + 2*f = 77, 4*h = -5*f - 94 - 175. Let n = 314 - 178. Let v = h + n. What are the prime factors of v?
5, 13
Suppose 2*h = 4*w - 5 - 7, -3*h + 3 = w. Let f = h - -33. List the prime factors of f.
3, 11
Suppose -25*o + 272 = -21*o. Let w = 70 - o. What are the prime factors of w + -1 - (-3 + -21)*3?
73
Suppose 0 = 2*q - 299 + 75. Let g be 44832/q - 4/14. Suppose 5*s = 5*w - g, -4*s = -0*s - 16. What are the prime factors of w?
2, 3, 7
Let z = -65 + 73. Suppose -4*l - 16 = -4*f + z*f, 3*f = 2*l - 12. Suppose 2*o = -10, -4*p + 5*o + 269 - 84 = l. What are the prime factors of p?
2, 5
Let p be (-14)/(-12)*(15 - 21). Let w(l) be the first derivative of -l**4/4 - 2*l**3 - 3*l**2 + 15*l - 1. List the prime factors of w(p).
2, 53
Let m = 57 - 45. Let u be 117/m - (-1 + 6/8). Suppose -5*b - 5*y = -5, 0 = -4*b - 2*y + u + 2. What are the prime factors of b?
5
Suppose -5*i + 48050 = -19415. List the prime factors of i.
103, 131
Let p(a) = 2*a**3 - 58*a**2 - 53*a - 102. What are the prime factors of p(32)?
2, 41, 53
Suppose 73250 = 5*s + 2*q, 6*s - 15*q = -11*q + 87900. What are the prime factors of s?
2, 5, 293
Suppose 44*n + 33680 = 323200. List the prime factors of n.
2, 5, 7, 47
Suppose -3*z + 263 = -2*h, -2*z + h - 2*h = -187. Let w = z + 168. What are the prime factors of w?
7, 37
Let n = -41 + 47. L